ne x(-16).
-1
Let d(n) = -n**3 - 87*n**2 + 173*n - 455. Calculate d(-89).
-10
Let n(i) = i**3 - 20*i**2 + 39*i - 37. Calculate n(17).
-241
Let m(v) = -10*v**3 + 1567*v**2 + 467*v + 628. Give m(157).
0
Let v(r) = r**3 - 4*r**2 - 14*r + 61. Give v(8).
205
Let f(y) = y**3 - 4*y**2 - 18*y - 45. Calculate f(7).
-24
Let z(c) = c**3 - 38*c**2 + 85*c + 183. What is z(4)?
-21
Let d(i) = -2*i**3 + 7*i**2 - 4*i + 16. What is d(6)?
-188
Let q(g) = -21*g - 211. Determine q(-13).
62
Let l(f) = 8*f - 1681. Calculate l(210).
-1
Let k(i) = -803*i**2 - 10433*i + 70. Determine k(-13).
-8
Let x(z) = 79*z + 345. Calculate x(-3).
108
Let n(d) = d**2 - 845*d - 2544. Give n(-3).
0
Let h(m) = -60*m + 3771. Give h(63).
-9
Let c(t) = t**3 - 20*t**2 - 63*t - 115. Determine c(23).
23
Let o(b) = -34*b - 423. Calculate o(-12).
-15
Let u(p) = p**2 + 23*p - 64. Calculate u(3).
14
Let u(y) = y**3 - 17*y**2 - 18*y + 37. Determine u(18).
37
Let l(g) = -g**3 - 3*g**2 + 25*g + 74. What is l(-5)?
-1
Let q(j) = 6*j**3 + 21*j**2 - 5*j + 1. What is q(-4)?
-27
Let r(n) = -143*n - 6541. Calculate r(-46).
37
Let y(w) = w**2 + 2211*w - 106124. What is y(47)?
2
Let m(a) = -82*a**2 - 169*a + 1. Calculate m(-2).
11
Let t(n) = -n**3 + 15*n**2 - 43*n + 23. Give t(11).
34
Let o(x) = -2*x - 76. Determine o(-57).
38
Let z(v) = v**2 - 20*v - 27. Give z(17).
-78
Let h(v) = 3501*v + 49016. Give h(-14).
2
Let q(j) = -j**3 - j**2 - 9*j - 9. Give q(-1).
0
Let q(v) = -5*v**2 - 189*v + 34. Give q(-38).
-4
Let s(r) = 852*r - 5970. Calculate s(7).
-6
Let g(k) = -3*k**3 - 3*k**2 - 19*k - 45. Calculate g(-2).
5
Let c(q) = 97*q + 8735. Calculate c(-90).
5
Let o(r) = -55*r**2 - 271*r - 3. Determine o(-5).
-23
Let o(d) = -36*d + 434. Determine o(18).
-214
Let u(y) = -6*y**3 - 11*y**2 + 3*y - 10. Give u(-4).
186
Let v(k) = -188*k - 2411. What is v(-13)?
33
Let x(y) = y**3 - 111*y**2 + 111*y - 122. Give x(110).
-12
Let b(t) = 46*t**2 + 44*t - 44. Calculate b(1).
46
Let y(f) = 178*f + 47. Determine y(-4).
-665
Let y(z) = -44*z + 1283. What is y(29)?
7
Let r(q) = -q**2 + 4129*q - 16500. What is r(4)?
0
Let s(l) = 2291*l - 13726. Determine s(6).
20
Let l(t) = -659*t - 2624. Calculate l(-4).
12
Let z(c) = c**2 - 6*c - 272. Determine z(21).
43
Let l(y) = 78826*y + 709439. What is l(-9)?
5
Let q(i) = i**3 + 21*i**2 + 38*i + 29. Determine q(-19).
29
Let q(n) = -4*n**2 - 746*n - 34358. Calculate q(-83).
4
Let g(d) = -93*d**2 + 172*d + 9. What is g(2)?
-19
Let m(l) = 1797*l - 7164. Give m(4).
24
Let y(c) = -c**3 + 36*c**2 + 233*c + 795. What is y(42)?
-3
Let v(d) = 68*d - 8240. Give v(121).
-12
Let a(c) = -c**3 + 80*c**2 + 344*c - 669. Determine a(84).
3
Let f(l) = -1263*l - 30316. Calculate f(-24).
-4
Let u(z) = 21*z**2 + 120*z - 10. What is u(-6)?
26
Let k(r) = r**2 - 3*r - 72. Determine k(14).
82
Let g(a) = -716*a + 1438. Determine g(2).
6
Let w(m) = -m**3 - 23*m**2 + 17*m - 31. Calculate w(-24).
137
Let b(h) = 38*h - 275. Give b(7).
-9
Let k(r) = -2*r**2 + 26*r + 103. Determine k(19).
-125
Let h(u) = -u**3 + 55*u - 34. Determine h(7).
8
Let p(o) = -3*o**2 - 24*o + 82. What is p(-17)?
-377
Let i(d) = -13*d + 213. Give i(-7).
304
Let d(b) = b**2 + 209*b + 2354. What is d(-12)?
-10
Let d(i) = 3*i**3 - 4*i**2 + 2*i + 13. Calculate d(-2).
-31
Let r(j) = -41*j + 574. Determine r(14).
0
Let t(x) = x**3 - 11*x**2 + x + 58. Determine t(11).
69
Let d(s) = -2*s**2 - 111*s + 277. Give d(-60).
-263
Let m(i) = -13*i - 89. Give m(-7).
2
Let j(i) = -i**2 - 48*i + 4613. What is j(48)?
5
Let s(p) = 2*p**3 - 146*p**2 - 4*p + 291. Determine s(73).
-1
Let c(k) = 204*k - 25899. What is c(127)?
9
Let l(d) = d**2 - 15*d - 321. Give l(-8).
-137
Let q(v) = -23*v**2 - 44*v + 7. Give q(-2).
3
Let h(c) = -124*c - 2136. Determine h(-17).
-28
Let a(b) = -b**3 - b**2 + 236*b + 68. Determine a(15).
8
Let m(z) = -z**3 + 96*z**2 + 107*z - 972. Give m(97).
-2
Let j(b) = -468*b + 179. What is j(2)?
-757
Let z(u) = -24*u - 1253. What is z(-52)?
-5
Let y(m) = -2*m**3 + 21*m**2 - 24*m - 26. What is y(9)?
1
Let l(t) = 88*t + 10. Calculate l(1).
98
Let u(x) = 8*x**2 - x - 10. Calculate u(3).
59
Let a(p) = 97*p + 199. Determine a(-2).
5
Let v(x) = -x**3 - 3*x**2 - 2*x - 37. What is v(-4)?
-13
Let i(j) = -5*j**2 - 287*j + 170. Determine i(-58).
-4
Let c(g) = 35*g - 321. What is c(8)?
-41
Let v(t) = t**3 + 15*t**2 - 12*t + 46. Give v(-16).
-18
Let k(o) = -45*o - 817. Determine k(-18).
-7
Let u(w) = 8*w**2 + 147*w + 30. Calculate u(-18).
-24
Let w(z) = -z**3 + 27*z**2 - 71*z - 69. Give w(24).
-45
Let u(b) = -b**2 + 46*b - 406. What is u(9)?
-73
Let z(r) = -9*r**2 + 13*r + 67. Give z(-7).
-465
Let b(c) = -c**2 + 73*c - 237. Give b(65).
283
Let q(u) = 4*u - 225. What is q(49)?
-29
Let g(i) = 27*i + 303. Calculate g(-10).
33
Let h(c) = -171*c**3 + 24*c**2 - 21*c - 3. Give h(1).
-171
Let l(m) = 4*m**2 + 30*m + 93. What is l(-7)?
79
Let v(x) = -x**2 - 5*x + 25. Give v(-13).
-79
Let y(a) = 246*a - 716. Give y(3).
22
Let v(c) = -5*c + 225. Calculate v(26).
95
Let w(a) = 10*a**3 - 29*a**2 - 28*a + 67. What is w(3)?
-8
Let f(w) = 2*w**3 + 58*w**2 + 18. Calculate f(-29).
18
Let h(y) = 4*y**2 - 113*y - 23. Calculate h(28).
-51
Let l(w) = -w**3 - 3*w**2 + 12*w - 41. Calculate l(-8).
183
Let n(b) = 2*b**2 + 41*b + 70. Give n(-24).
238
Let o(w) = -192*w - 3712. What is o(-19)?
-64
Let d(a) = -a**2 - 285*a + 3588. Calculate d(12).
24
Let h(v) = v**3 + 19*v**2 + 68*v - 4. What is h(-5)?
6
Let o(m) = 8*m**2 - 120*m - 27. Give o(14).
-139
Let w(n) = -n**3 - 13*n**2 + 21*n + 78. Give w(-13).
-195
Let n(b) = 143*b - 2. What is n(-1)?
-145
Let f(w) = 7*w**2 + 1167*w + 5808. What is f(-5)?
148
Let l(j) = -50*j + 2958. What is l(59)?
8
Let f(s) = -2*s**3 - 19*s**2 + 215*s + 2045. What is f(-10)?
-5
Let g(z) = -4*z - 230. What is g(-33)?
-98
Let c(y) = 3*y**2 - 80*y - 120. Determine c(28).
-8
Let u(m) = -42*m + 1360. What is u(32)?
16
Let k(f) = -3*f**3 - 55*f**2 + 20*f - 339. What is k(-19)?
3
Let y(n) = -45*n - 1421. Determine y(-31).
-26
Let g(o) = -82*o + 11. What is g(1)?
-71
Let t(o) = 215*o + 2728. Determine t(-13).
-67
Let g(f) = -30*f**3 + 1442*f**2 - 109*f + 632. Give g(48).
8
Let m(v) = 38*v - 41. What is m(6)?
187
Let x(o) = 732*o - 8776. What is x(12)?
8
Let y(k) = -9*k - 466. Calculate y(-54).
20
Let k(b) = -b**2 - 74*b - 202. Give k(-68).
206
Let b(a) = -a**3 + 29*a**2 - 102*a + 52. What is b(25)?
2
Let l(q) = -100*q - 766. Calculate l(-8).
34
Let q(o) = o**3 - 123*o**2 + 132*o + 13297. What is q(121)?
-13
Let i(f) = 1106*f - 17695. Determine i(16).
1
Let k(m) = -1650*m - 4944. Give k(-3).
6
Let s(m) = m**3 - 11*m**2 + 43*m - 140. Give s(8).
12
Let j(w) = -8*w - 102. Determine j(-18).
42
Let i(r) = -133*r - 12235. Give i(-92).
1
Let q(u) = -2*u**2 + 85*u + 596. What is q(50)?
-154
Let j(b) = -b**3 - 17*b**2 - 26*b + 54. Determine j(-15).
-6
Let m(y) = -10605*y - 63630. What is m(-6)?
0
Let w(j) = 291*j - 2045. Determine w(7).
-8
Let s(a) = -8*a**3 + 32*a**2 + 26*a - 112. Calculate s(4).
-8
Let z(b) = 64*b + 266. Give z(-4).
10
Let l(o) = -18*o**2 - 21*o - 12. Determine l(-1).
-9
Let g(f) = 99*f + 567. Determine g(-6).
-27
Let g(l) = l**3 + 3*l**2 - 5*l + 72. What is g(-6)?
-6
Let g(p) = -p**3 - 9*p**2 - 23*p + 22. Calculate g(-13).
997
Let z(k) = -k**2 - 55*k - 414. Determine z(-52).
-258
Let r(g) = -2*g**2 + 10*g - 35. Calculate r(7).
-63
Let k(c) = 13*c + 674. Give k(33).
1103
Let c(b) = -7*b**3 - 26*b**2 + 11*b + 54. What is c(-4)?
42
Let l(d) = d**3 + 46*d**2 - 60*d - 635. What is l(-47)?
-24
Let h(c) = -202*c - 2642. Determine h(-13).
-16
Let w(p) = 13*p**2 - 7*p - 1. What is w(3)?
95
Let z(q) = -49*q - 267. Calculate z(-5).
-22
Let g(o) = o**3 - 3*o + 19. Give g(0).
19
Let g(u) = u**2 - 652*u - 11386. Give g(-17).
-13
Let q(s) = 139*s + 2646. Determine q(-19).
5
Let j(g) = -123*g**3 - 19*g**2 + 17*g + 3. Give j(1).
-122
Let w(h) = 122*h + 23548. Determine w(-193).
2
Let f(l) = l**3 - 73*l**2 + 80*l - 584. Calculate f(72).
-8
Let y(j) = 6*j**2 - 370*j + 209. Give y(61).
-35
Let z(r) = 2*r**3 - 20*r**2 + 18*r - 191. Give z(10).
-11
Let r(v) = -4*v + 176. Determine r(41).
12
Let p(w) = w**3 - w**2 + 138. Determine p(0).
138
Let v(r) = -21*r - 40. What is v(-4)?
44
Let t(z) = 4*z**2 - 116*z - 1178. Give t(-8).
6
Let b(i) = -2*i**3 + i**2 - 19*i + 19. Give b(-5).
38